. Give l(g).
12
Suppose 12*o + 62 - 41 = 45. Let s(w) = 51*w - 101. Determine s(o).
1
Let m(n) = -2*n**2 - 1735*n + 1741. Let j be m(1). Let p(c) = 4*c**2 + 4*c. Let h(w) = 3*w**2 + 4*w - 1. Let a(f) = 5*h(f) - 4*p(f). What is a(j)?
-5
Let p(a) = 2*a**2 - 41*a + 12. Let d(l) = -96*l - 1516. Let q be d(-16). Calculate p(q).
-8
Let y(t) be the third derivative of t**6/360 - t**5/10 - 2*t**4/3 - 4*t**3/3 - 2*t**2 - 6. Let d(k) be the first derivative of y(k). Give d(13).
-3
Suppose -135 = -5*u - 2*n, -14*n = -12*n. Suppose 17*f - 70 = u*f. Let t(v) = v**3 + 8*v**2 + 4*v - 6. Determine t(f).
15
Let t(c) = -50*c - 9. Let y = 2470 - 2468. Calculate t(y).
-109
Let d(k) = -7*k + k + k**3 + 8*k**2 - 3*k + 1. Let l = -431879 - -431870. What is d(l)?
1
Let l(k) be the third derivative of -k**6/120 + k**5/30 + k**4/24 + 2*k**2. Suppose 0 = 5*z + 34 - 59. Let n be (-32)/(-10) - (z - 2)/15. Determine l(n).
-6
Let j(a) = a**2 + 7*a - 1. Suppose -c + 117 + 238 = 5*d, 0 = 3*c + 5*d - 1015. Suppose -126 = 4*m + c. Let g = -121 - m. Give j(g).
-1
Let n(c) = -10*c + 13*c**2 - c**3 + 2*c**3 + 14*c**2 - 9 - 38*c**2 + 20*c**2. What is n(-10)?
-9
Let k be 8/6*(-3)/(-2). Let b(x) = 34*x**2 + x - 6. Let r(d) = -76*d**2 - 2*d + 14. Let h(s) = 9*b(s) + 4*r(s). What is h(k)?
12
Let n(w) = 3*w**2 - 60*w - 3. Let b = 271 + -251. What is n(b)?
-3
Let b = -4 + 2. Let c(k) be the first derivative of -8*k**2 + 19*k - 728. Let z(w) = 5*w - 6. Let a(s) = b*c(s) - 7*z(s). Determine a(4).
-8
Let y(t) = 0 - 2 - t + 7 + 7*t. Let r(f) = 17*f + 14. Let w(a) = 4*r(a) - 11*y(a). Determine w(-3).
-5
Suppose 3*d - 62 = 4*z, -2*z - 480 + 428 = -5*d. Let n(q) = -q**2 - 15*q - 48. Give n(z).
-4
Let s be 1*28/(-98) - (-18)/14. Let a(p) = -18*p**3 + 2*p**2 + 6*p + 3. Let c(m) = -53*m**3 + 5*m**2 + 17*m + 8. Let t(x) = 11*a(x) - 4*c(x). Give t(s).
15
Let f(p) = 5*p + 3. Suppose -8*a - 91 = -19. Let d(i) = -11*i - 6. Let v(y) = a*f(y) - 4*d(y). What is v(-8)?
5
Suppose 3*x = 2*s + 6, -s + 4*x = 12 + 1. Suppose 0 = -s*k - 2*j + 11, -2*k - 4*j = -6*j - 24. Let v(p) = -4 - 1 + k - p. Calculate v(-2).
4
Let v(w) be the second derivative of -w**5/20 - 3*w**4/4 - w**3/6 - 3*w**2/2 - 131*w - 2. Let p(n) = 3*n - 6. Let u be p(-1). Calculate v(u).
6
Let z be 630/150*10/6. Let n(v) = 4*v + v**3 + 6*v**2 + z*v + 6*v**2 - 17 + 14. What is n(-11)?
-3
Suppose -14*r + 345 = 181 - 340. Let u(d) = -d**3 + 35*d**2 + 32*d + 142. Give u(r).
-2
Let g(c) = c**3 + 8*c**2 - 9*c - 3. Let z = -68 + 71. Suppose -8*h + 13*h + 33 = 4*u, -z*h - 5*u = 42. What is g(h)?
-3
Suppose 13*f = 17*f - d - 89, 5*f - 80 = -5*d. Let p(r) = -r**2 + 21*r - 5. Give p(f).
-5
Let u(w) = w**2 + 3*w + 3. Let l(x) = -4*x**3 - 6*x**2 + x. Let o(h) = -4*h**3 - 5*h**2 + h. Let y(b) = -5*l(b) + 6*o(b). Let a be y(1). Give u(a).
3
Let j(x) = -x**2 - 10*x. Let a(l) = -l**2 + 4*l + 16. Let t be a(6). Let n be (t/(-14))/1 + (-282)/42. Determine j(n).
21
Let y(o) = 13*o + 406. Let f(k) = 7*k + 217. Let b(x) = -11*f(x) + 6*y(x). Calculate b(-43).
6
Let p(b) = b**3 - 17*b**2 + 59*b - 25. Let w be p(4). Let r(o) = 13*o - 9. Give r(w).
30
Let p(z) = 1946*z - 155681. Let d be p(80). Let o(b) = -b - b**2 - 6*b**3 - 1 + 0*b**2 + 2*b**2. Determine o(d).
7
Let j(b) = 2*b**2 - 2*b - 3. Let h be 39*(-3 + (-60)/(-27))*-6. Suppose -h*g - 9 = -173*g. Determine j(g).
1
Let a be -3*1 - (-3 - 9). Suppose -4*d - a = 15. Let p(z) = -z**2 - 6*z + 8. Calculate p(d).
8
Let n(c) = c**3 - 2*c**2 + 1. Let l be 1/7 + (-80)/(-28). Suppose -4 = -5*x - 3*r, 5*x + r = 4 + 4. Suppose -x*g = l + 1. Give n(g).
-15
Suppose 24*k - 26*k - 3*f + 20 = 0, 4*k - 40 = 2*f. Let m(z) = z - 5. Let d(h) = -h + 5. Let t(b) = 7*d(b) + 6*m(b). Calculate t(k).
-5
Suppose -2*u + 32 = 2*h, 4*u + 19*h - 56 = 17*h. Let q(i) be the second derivative of i**5/20 - 13*i**4/12 + 5*i**3/3 + 15*i**2/2 + 100*i. What is q(u)?
-9
Let w(f) = f**3 - 8*f**2 + 8*f + 8. Suppose 10*t + 895 = 5*t - 5*j, -3*j = 5*t + 899. Let c = 188 + t. What is w(c)?
15
Let i(a) = 11 + 343*a**2 + 2 - 173*a**2 - 171*a**2 + 7*a. Calculate i(12).
-47
Let g(d) = -3*d**2 - 1. Let z(c) be the third derivative of -25*c**2 - 2/3*c**3 - 1/24*c**4 + 1/60*c**5 + 0*c + 0. Let r be z(-2). Calculate g(r).
-13
Let y(v) = 4*v - 26. Let c be y(16). Let h(n) = c - 11 - 2*n - 10 - 12. Give h(8).
-11
Let c be (9/(-27)*27)/(-6). Let m(l) be the first derivative of 5/3*l**3 - c*l**2 - 16 - 1/2*l**4 + l. Give m(3).
-17
Let d(n) be the second derivative of -n**6/360 - n**5/10 - 5*n**4/8 - 13*n**3/3 - 46*n - 1. Let p(c) be the second derivative of d(c). Determine p(-11).
-4
Let m(d) = d**3 - 5*d**2 - 12*d + 68. Let r be m(4). Let c(i) be the first derivative of -7 + 0*i**2 - r*i - 1/4*i**4 + 4/3*i**3. Give c(3).
5
Let v(b) be the third derivative of -b**4/24 + 12*b**3 - 17*b**2 - 242*b. Give v(14).
58
Let x(n) = -n**3 - 2*n**2 + n - 11. Suppose 5 = 5*u + 5*t, 159*t + 9 = -u + 160*t. Calculate x(u).
17
Suppose 2289*p + 2835 = 2334*p. Let s(c) = -18*c + 1137. What is s(p)?
3
Suppose -38 = -29*k + 136. Let j(x) = -3*x**2 - 13*x - 64. Let t(s) = -s**2 - 4*s - 22. Let r(v) = k*j(v) - 17*t(v). Give r(-8).
6
Suppose -u = 3*h - 4, 0 = h + 3*h - 5*u + 20. Suppose -3*o - 8 = c, 0 = -c + 2*o - h + 2. Let z(i) = -i**3 - 2*i**2 + 3*i + 2. Determine z(c).
-4
Let h(c) = -c - 26. Let u be (-21)/(62/8 + -7). What is h(u)?
2
Let v(b) be the third derivative of b**6/120 + 13*b**5/60 + b**4/2 + 5*b**3/3 - 1504*b**2. Determine v(-12).
10
Let q(h) = 172*h**2 - h - 1. Let u be q(-1). Let p = 178 - u. Let f(o) = -12*o - 2. Let l(s) = -s. Let i(v) = f(v) - 10*l(v). Determine i(p).
-14
Let i be 2185/(-76) - (-5)/(-20). Let p(u) = -u**3 - 30*u**2 - 25*u + 121. Determine p(i).
5
Let q = -388 + 388. Let o(w) = -14 + 5*w - 5*w + w. Give o(q).
-14
Suppose r = -5*c + 12, 26*c + 5*r - 14 = 24*c. Let b(k) = -11*k**3 + 2*k**2 + k - 2. Give b(c).
-80
Let v(a) = 5*a**2 - 7*a + 8. Let r be v(2). Suppose 10 + 6 = 4*k. Let w(o) = -r*o - 18*o + k + 31*o. Calculate w(-3).
7
Let t = -17924 + 17904. Let i(a) = -a**3 - 25*a**2 - 99*a + 20. Calculate i(t).
0
Let m(w) = -23*w**2 - 329*w + 241. Let z be m(-15). Let t(a) be the third derivative of a**6/120 - a**4/24 + a**3/6 + a**2. Calculate t(z).
1
Let p(q) = 9*q**3 - 21*q**2 + 10*q + 4. Let t(j) = -4*j**3 + 10*j**2 - 5*j - 2. Let g(l) = -6*p(l) - 13*t(l). Determine g(3).
-73
Let b(f) = f + 19. Let i be (-5 - 54/(-8)) + (-4 - 34/(-8)). What is b(i)?
21
Let k = 473 - 671. Let p be 2/11 - (-36)/k. Suppose p = -5*x + 2*x + 2*v + 10, -4*x = -4*v - 16. Let s(n) = 2*n**3 - 3*n**2 + n - 2. Calculate s(x).
4
Let r(f) = -f + 19. Let t(z) = -z + 14. Let y(a) = 5*r(a) - 6*t(a). Calculate y(5).
16
Suppose 23 + 12 = -5*l. Let d be l/(231/12)*-11. Let g(w) = -5*w + 15. Give g(d).
-5
Let z(a) = a**2 + 9*a + 10. Let l = 93 + -89. Suppose -2*q + l*q - 5*n = 26, q + 3*n - 13 = 0. Suppose i = 1, 3*i = o - 2 + q. Give z(o).
2
Let z(a) be the first derivative of -11*a**2 + 233 + 6*a - 5*a**2 + 15*a**2. Determine z(8).
-10
Suppose -48*g + 92*g - 54 = 35*g. Let v(o) = 2*o**3 - 13*o**2 + 7*o - 13. Give v(g).
-7
Let r be (5 - (22 + -7))*3/6. Let g(i) be the third derivative of i**6/360 - i**4/6 - 2*i**2. Let w(u) be the second derivative of g(u). Calculate w(r).
-10
Let n = -324 + 357. Suppose 2*w = 5*a - 55, -3*a - 8*w + n = -4*w. Let y(f) = -f**3 + 12*f**2 - 10*f - 13. What is y(a)?
-2
Let y(q) = -25*q**2 + 35*q + 69. Let u(w) = -14*w**2 + 17*w + 36. Let d(r) = 9*u(r) - 5*y(r). Determine d(-21).
0
Let b(u) be the third derivative of u**4/8 - 3*u**3/2 - 95*u**2 - 3*u. Determine b(-3).
-18
Let u(p) = -p**3 + 15*p**2 + p - 19. Let j(x) = x**3 + 87*x**2 - 93*x - 425. Let q be j(-88). Give u(q).
-4
Let n(h) = -2*h**3 + 2*h**2 - 3*h + 3. Suppose 24*o - 84 - 132 = 0. Suppose 2*b - o = -b. Determine n(b).
-42
Let c(l) = 13*l**2 - 10*l + 7. Let f be c(-3). Let d = f - 151. Let g(y) = -y + 2. Give g(d).
-1
Let l(b) be the first derivative of -5*b**3 - b**2/2 + 2. Let j be ((-24)/(-40))/((-1)/(-305)). Let h = -184 + j. Determine l(h).
-14
Let u(y) = y**2 + 1. Let v(n) = -5*n**2 + 5*n - 7. Let x(k) = 3*u(k) + v(k). Let z(m) = m**3 + 113*m**2 - 2972*m - 267. Let r be z(-135). Determine x(r).
-7
Suppose -4*w + 10 = -5*n + 40, n + w = -3. Suppose -2*g = n*y + 10, 4*g - y + 11 = g. Let k(d) =